 - (1 + -6)). Suppose k*g = -2*g + 8. Suppose -g*q - 8 = 4*y, 2*y - 3*y = q - 1. List the prime factors of q.
2, 3
Let m = 0 - 3. What are the prime factors of 4/((-3)/3 - m)?
2
Let i = 93 + 5. List the prime factors of i.
2, 7
Let u = -91 - -274. What are the prime factors of u?
3, 61
Suppose -4*h + 22 = -18. Let q be (-4)/(-1 - (0 + 1)). Suppose 0 = g + 5, 3 = -q*p - 5*g - h. List the prime factors of p.
2, 3
Let u = -10 + 23. List the prime factors of u.
13
Let v be 1*(-2)/4*-4. Suppose 3*f = -v*f + 20. What are the prime factors of f?
2
Suppose 0*j = -5*j + 180. Suppose -2*i + 6*i = j. What are the prime factors of i?
3
Let x(i) = -i**3 + 6*i**2 - i + 5. Let o be x(6). Suppose -l - 3*y - 2 - 6 = 0, -5*l - 40 = -4*y. Let w = o - l. List the prime factors of w.
7
Let c = 6 - 7. Let f be (6/(-2))/(c/1). Let w(k) = 3*k + 3. List the prime factors of w(f).
2, 3
Let x = -16 + -5. Let i = -13 - x. List the prime factors of (3/2)/(2/i).
2, 3
What are the prime factors of (2 - (2 - -1))/(2/(-10))?
5
Suppose -11*r + 1920 = -5*r. What are the prime factors of r?
2, 5
Suppose y + 4*y - 3*a = -63, y - a + 13 = 0. Let b(f) = -f - 9. List the prime factors of b(y).
3
Let z(q) = q**3 + 4*q**2 - 2*q - 6. Let l be z(-4). Suppose -l*t + h + h + 10 = 0, 2*t = 4*h + 6. What are the prime factors of t?
7
Suppose -2*g - 10 = 0, g + 612 - 151 = 4*k. What are the prime factors of ((-3)/6)/((-3)/k)?
19
Let w = 5 + -4. Let u be (w/(-2))/(3/(-18)). Let n = -1 + u. What are the prime factors of n?
2
Let w be 2/(-4)*(7 - 9). Let v(p) = 13*p + 1. Let s be v(w). Let i = 20 - s. List the prime factors of i.
2, 3
Let a(v) = v**2 - 4*v. Let j be a(4). Suppose -4*z + 0*y = 5*y - 74, j = -2*z - 5*y + 42. What are the prime factors of z?
2
Let k be 7 - (-3 + 4)*3. Suppose 2 = -3*t + k*t. What are the prime factors of t?
2
Suppose 5*a + 25 = 0, 0 = 5*h + 4*a + 55 - 10. What are the prime factors of h/(1/(-2)*1)?
2, 5
Suppose 51 = 3*j - 2*s, 4*s - 85 = -5*j + 3*s. List the prime factors of j.
17
What are the prime factors of 8/48 + 659/6?
2, 5, 11
Let n = 42 - 14. What are the prime factors of n?
2, 7
What are the prime factors of -2*(-5)/(-25)*-130?
2, 13
Let m be 57/(-6) - (-1)/(-2). Let l be 8/(-20)*(4 + 1). What are the prime factors of 3 + -1 - (m - l)?
2, 5
Suppose -2*i = 4*p - 6, -4*p + 21 - 6 = -i. Suppose -p*m - 32 = -7*m. What are the prime factors of m?
2
Let c = 31 + 39. What are the prime factors of c?
2, 5, 7
Let b(u) be the third derivative of -u**5/60 - u**4/3 - u**3/6 - 2*u**2. Let n be b(-7). Let s(p) = -p**2 + 7*p. What are the prime factors of s(n)?
2, 3
Suppose 8*m - 805 = 3*m. What are the prime factors of m?
7, 23
Suppose 2 = -f, 4 = 2*g - 3*f + 14. Let x = 12 + g. Suppose x*w + 3 - 23 = 0. List the prime factors of w.
5
Suppose m - 4*m = -195. List the prime factors of m.
5, 13
Let c be 0 + 1 + 5 + -3. Suppose q + 0 = -c. List the prime factors of 2/q - (-105)/9.
11
Let v(i) = 2*i + 45. What are the prime factors of v(5)?
5, 11
Suppose -9*h = -5*h - 356. List the prime factors of h.
89
Let k = -1 - -46. What are the prime factors of k?
3, 5
Let k(w) = -w**3 - 7*w**2 - w - 10. Let m be k(-7). Let h(f) = f**2 - 4*f - 4. List the prime factors of h(m).
17
Let m = 9 + 66. What are the prime factors of m?
3, 5
Suppose -5*s = 0, 5*a + 2*s - 230 = s. What are the prime factors of a?
2, 23
Let x(c) = c**3 - 5*c**2 + 4*c + 1. Let h(t) = t + 12. Let d be h(-8). Let z be x(d). List the prime factors of 2 - (-1 + z/(-1)).
2
Let d(u) = -u**3 - 7*u**2 - 6*u - 9. Let q be d(-7). What are the prime factors of (q/4)/(15/40)?
2, 11
Suppose -s + 3*s - 28 = 0. What are the prime factors of s?
2, 7
Let o(w) = 19*w + 5. Let d be o(5). Suppose -a = -3*v - 35, -6*a + 2*a + 4*v = -d. Suppose -x - 3*x = -a. List the prime factors of x.
5
Suppose -5*f = -0*f. Suppose -3*z = -f*z. What are the prime factors of 3 - (-3 + z + 2)?
2
Let d(b) = b**3 - 18*b**2 + 10*b + 16. What are the prime factors of d(18)?
2, 7
Suppose -3*s - 4 = -2*s, -i + 8 = -2*s. Suppose -5*k + 22 + 8 = i. List the prime factors of k.
2, 3
Suppose 0 = -w - 4*w. Suppose w = -r - 0*r - 14. What are the prime factors of (-141)/(-21) - 4/r?
7
Let d be (-1)/(3/(12/(-1))). Suppose -d = -2*q + 6. Suppose 2*n - q*n + 21 = 3*v, -2*n + v = -14. What are the prime factors of n?
7
Suppose 645 = 3*l - 3*q, -2*l - 6*q = -9*q - 426. List the prime factors of l.
3, 73
Suppose -5*z + 3*d = -24, -4*z + 3*d - 2*d + 15 = 0. Suppose -161 = -4*k + 4*h - 45, 3*h = -z. List the prime factors of k.
2, 7
Let l(a) = a**3 + 4*a**2 - 2*a - 4. What are the prime factors of l(-3)?
11
Suppose -2*a + i = -2*i - 60, -2*a + 2*i + 56 = 0. Suppose -j = j - a. Let x = -7 + j. List the prime factors of x.
5
Suppose 40 = 3*f + l, -3*f + 48 = 2*f - 3*l. List the prime factors of f.
2, 3
Let o = 5 - 5. Suppose 5*u = 3*v - 11, 2*u = 4 - 0. Let j = v + o. What are the prime factors of j?
7
Let o be 0 - (-4 + 1) - 0. Let f(v) be the third derivative of v**5/60 - v**4/12 + v**3/2 + v**2. What are the prime factors of f(o)?
2, 3
Let j(w) = -39*w + 2. List the prime factors of j(-1).
41
Suppose -3*y - 69 = 5*z - 263, 3*y + 102 = 3*z. List the prime factors of z.
37
What are the prime factors of ((-14)/(-21))/((-6)/(-1269))?
3, 47
Let b(f) = f**2 + 4*f. Let x be b(-5). Suppose 27 = -x*i + 62. What are the prime factors of i?
7
Suppose 4*h - 350 = -h. Suppose -r = 4*r - h. What are the prime factors of r?
2, 7
Suppose 0 = 2*s + s - 27. Suppose -1 = -2*u + s, 4*r = -4*u + 148. What are the prime factors of r?
2
Let s be 26/(-4) + 4/(-8). Let o(q) = -2*q - 10. Let j be o(s). Let i(v) = 6*v - 3. What are the prime factors of i(j)?
3, 7
Suppose 2*k + 57 = 3*b + 175, -228 = -4*k + 2*b. List the prime factors of k.
2, 7
Let g = 0 - -3. Suppose -c - 2*a = -13, -19 = 2*c - 2*a - g*a. What are the prime factors of c?
3
Let n(c) = c + 8. Let i(x) = -x - 9. Let k(o) = -6*i(o) - 7*n(o). What are the prime factors of k(-10)?
2
Let g(p) = -p**2 - 5*p - 2. Suppose 2*r + 2 = -4. What are the prime factors of g(r)?
2
Suppose -8*u - 30 = -3*u. List the prime factors of 18/(-15)*(1 + u).
2, 3
Let f be (3/(-9))/(5/(-165)). List the prime factors of (f/3)/((-2)/(-12)).
2, 11
Let s be (2/(-4))/(2/88). Let c = s - -13. Let g(v) = v + 21. List the prime factors of g(c).
2, 3
Suppose -4*g + 74 + 6 = 0. List the prime factors of 346/10 - (-8)/g.
5, 7
Suppose -5*p + 385 = -5*i, 2*p + 2*p = -2*i + 314. List the prime factors of p.
2, 3, 13
Suppose -2*t + 70 = 4*a - 2*a, 0 = -4*a + 2*t + 116. List the prime factors of a.
31
List the prime factors of 2708/28 + 6/21.
97
Let h be (10/(-6))/(2/(-6)). Let v = 32 - 27. Suppose d - h*l = -20, 0 = v*d - l - 29 + 9. What are the prime factors of d?
5
Let q be (9/(-6))/3*0. Let o(u) = -u**2 + 14. List the prime factors of o(q).
2, 7
Let j be (-1)/(-2) - 18/(-12). Suppose -j*r = z + 3*r - 44, 3*z - 132 = -r. List the prime factors of z.
2, 11
Suppose 24 = -2*g - m - 4*m, 0 = 3*g - 4*m - 10. Let j(b) = 1 - 2 - 4*b + b. List the prime factors of j(g).
5
Suppose 2*o = 7*o - 15. What are the prime factors of -5 + o - 20/(-1)?
2, 3
Suppose -4*y - q + 2*q + 47 = 0, 0 = -3*y + 2*q + 34. Suppose g = 4*s - 10, 5*s = 2*s + 3*g + y. What are the prime factors of s?
2
Suppose -k = 2*k - 45. Let r = 6 + 0. Suppose q - r*q + k = 0. What are the prime factors of q?
3
Let p(s) be the third derivative of -s**5/60 + 13*s**4/24 - 5*s**3/3 - 2*s**2. Let x be p(7). Suppose 5*f = f + x. What are the prime factors of f?
2
Suppose -k - 2*n = 4*k - 15, 3*n - 12 = -4*k. What are the prime factors of k/(-4)*24/(-9)?
2
Suppose -5*a = -5, -g = -4*g - a + 109. Suppose -2*u = n - 13, 0*u - 7 = -4*n + u. List the prime factors of ((-2)/(-4))/(n/g).
2, 3
Let s(y) = -y - 8. List the prime factors of s(-12).
2
Suppose -9*d + 4*d = -255. Suppose 0*r = -r + d. What are the prime factors of r?
3, 17
Suppose 2*u - 236 = -o, 0*o + o + 236 = 2*u. What are the prime factors of u?
2, 59
Let f(k) = k. Let w = 4 - -1. Let o be f(w). Suppose -o*c + 40 = -10. List the prime factors of c.
2, 5
Suppose 4*y - 3*o - 120 = 0, -4*y + 121 - 1 = 5*o. What are the prime factors of y?
2, 3, 5
Suppose 3 = g - 67. Let s = g - 38. Let z = s - 22. What are the prime factors of z?
2, 5
Let i = -17 + 27. Supp